hat is the remainder when 765 is divided by 34?
17
What is the remainder when 343 is divided by 109?
16
What is the remainder when 12776 is divided by 71?
67
Calculate the remainder when 2582 is divided by 65.
47
Calculate the remainder when 935 is divided by 10.
5
What is the remainder when 1064 is divided by 1017?
47
Calculate the remainder when 62 is divided by 18.
8
Calculate the remainder when 83 is divided by 74.
9
Calculate the remainder when 449 is divided by 13.
7
Calculate the remainder when 437 is divided by 143.
8
Calculate the remainder when 3168 is divided by 33.
0
What is the remainder when 49 is divided by 34?
15
Calculate the remainder when 201 is divided by 109.
92
What is the remainder when 2146 is divided by 9?
4
What is the remainder when 291 is divided by 74?
69
What is the remainder when 240 is divided by 44?
20
What is the remainder when 198 is divided by 197?
1
Calculate the remainder when 1930 is divided by 7.
5
What is the remainder when 475 is divided by 100?
75
Calculate the remainder when 34 is divided by 3.
1
Calculate the remainder when 138 is divided by 6.
0
Calculate the remainder when 732 is divided by 93.
81
Calculate the remainder when 101 is divided by 34.
33
Calculate the remainder when 437 is divided by 10.
7
What is the remainder when 9360 is divided by 31?
29
What is the remainder when 71 is divided by 19?
14
Calculate the remainder when 87 is divided by 46.
41
Calculate the remainder when 473 is divided by 14.
11
Calculate the remainder when 90 is divided by 4.
2
What is the remainder when 859 is divided by 16?
11
What is the remainder when 464 is divided by 10?
4
Calculate the remainder when 621 is divided by 599.
22
What is the remainder when 613 is divided by 77?
74
Calculate the remainder when 754 is divided by 14.
12
What is the remainder when 934 is divided by 17?
16
Calculate the remainder when 533 is divided by 26.
13
Calculate the remainder when 5010 is divided by 833.
12
Calculate the remainder when 416 is divided by 404.
12
Calculate the remainder when 73 is divided by 18.
1
Calculate the remainder when 2840 is divided by 25.
15
What is the remainder when 148 is divided by 79?
69
Calculate the remainder when 785 is divided by 10.
5
Calculate the remainder when 134 is divided by 9.
8
Calculate the remainder when 118 is divided by 26.
14
Calculate the remainder when 218 is divided by 55.
53
What is the remainder when 237 is divided by 21?
6
What is the remainder when 118 is divided by 21?
13
Calculate the remainder when 30 is divided by 25.
5
What is the remainder when 617 is divided by 66?
23
What is the remainder when 6158 is divided by 16?
14
Calculate the remainder when 5983 is divided by 21.
19
Calculate the remainder when 2646 is divided by 34.
28
What is the remainder when 707 is divided by 22?
3
Calculate the remainder when 9797 is divided by 23.
22
Calculate the remainder when 109 is divided by 38.
33
Calculate the remainder when 13 is divided by 6.
1
Calculate the remainder when 215 is divided by 29.
12
Calculate the remainder when 396 is divided by 50.
46
What is the remainder when 251 is divided by 77?
20
What is the remainder when 200 is divided by 51?
47
What is the remainder when 135 is divided by 12?
3
What is the remainder when 7011 is divided by 115?
111
What is the remainder when 2621 is divided by 19?
18
Calculate the remainder when 3989 is divided by 399.
398
Calculate the remainder when 384 is divided by 8.
0
What is the remainder when 372 is divided by 54?
48
Calculate the remainder when 685 is divided by 334.
17
Calculate the remainder when 75 is divided by 13.
10
What is the remainder when 1402 is divided by 12?
10
Calculate the remainder when 167 is divided by 51.
14
What is the remainder when 4038 is divided by 43?
39
Calculate the remainder when 68 is divided by 49.
19
What is the remainder when 66 is divided by 37?
29
Calculate the remainder when 502 is divided by 84.
82
Calculate the remainder when 3747 is divided by 3747.
0
What is the remainder when 141 is divided by 9?
6
Calculate the remainder when 963 is divided by 194.
187
What is the remainder when 99 is divided by 9?
0
Calculate the remainder when 3158 is divided by 8.
6
What is the remainder when 14 is divided by 11?
3
What is the remainder when 4357 is divided by 45?
37
What is the remainder when 42 is divided by 40?
2
Calculate the remainder when 10827 is divided by 114.
111
Calculate the remainder when 178 is divided by 36.
34
What is the remainder when 205 is divided by 3?
1
Calculate the remainder when 1127 is divided by 75.
2
What is the remainder when 126 is divided by 72?
54
Calculate the remainder when 522 is divided by 380.
142
What is the remainder when 488 is divided by 50?
38
What is the remainder when 96 is divided by 37?
22
What is the remainder when 888 is divided by 15?
3
What is the remainder when 4185 is divided by 14?
13
What is the remainder when 282 is divided by 64?
26
Calculate the remainder when 134 is divided by 20.
14
Calculate the remainder when 213 is divided by 72.
69
Calculate the remainder when 47 is divided by 8.
7
What is the remainder when 924 is divided by 9?
6
What is the remainder when 2567 is divided by 143?
136
Calculate the remainder when 96 is divided by 38.
20
What is the remainder when 56 is divided by 16?
8
What is the remainder when 184 is divided by 31?
29
Calculate the remainder when 108 is divided by 29.
21
What is the remainder when 53 is divided by 43?
10
Calculate the remainder when 156 is divided by 65.
26
Calculate the remainder when 637 is divided by 24.
13
What is the remainder when 634 is divided by 304?
26
What is the remainder when 447 is divided by 131?
54
What is the remainder when 137 is divided by 43?
8
Calculate the remainder when 2621 is divided by 23.
22
What is the remainder when 96 is divided by 77?
19
Calculate the remainder when 91 is divided by 87.
4
What is the remainder when 969 is divided by 54?
51
Calculate the remainder when 295 is divided by 90.
25
Calculate the remainder when 254 is divided by 251.
3
Calculate the remainder when 109 is divided by 14.
11
What is the remainder when 403 is divided by 227?
176
Calculate the remainder when 198 is divided by 119.
79
What is the remainder when 285 is divided by 8?
5
Calculate the remainder when 2765 is divided by 71.
67
What is the remainder when 908 is divided by 114?
110
Calculate the remainder when 849 is divided by 809.
40
What is the remainder when 2909 is divided by 12?
5
What is the remainder when 1797 is divided by 891?
15
Calculate the remainder when 101 is divided by 40.
21
What is the remainder when 19 is divided by 12?
7
What is the remainder when 454 is divided by 24?
22
Calculate the remainder when 1422 is divided by 25.
22
What is the remainder when 254 is divided by 63?
2
What is the remainder when 185 is divided by 64?
57
Calculate the remainder when 61 is divided by 13.
9
What is the remainder when 182 is divided by 19?
11
What is the remainder when 140 is divided by 11?
8
What is the remainder when 45048 is divided by 85?
83
Calculate the remainder when 957 is divided by 137.
135
What is the remainder when 591 is divided by 37?
36
Calculate the remainder when 142 is divided by 18.
16
What is the remainder when 12976 is divided by 24?
16
Calculate the remainder when 949 is divided by 303.
40
What is the remainder when 548 is divided by 25?
23
What is the remainder when 172 is divided by 60?
52
What is the remainder when 20 is divided by 7?
6
What is the remainder when 138 is divided by 101?
37
Calculate the remainder when 161 is divided by 4.
1
What is the remainder when 239 is divided by 88?
63
What is the remainder when 714 is divided by 230?
24
What is the remainder when 3579 is divided by 1789?
1
Calculate the remainder when 285 is divided by 26.
25
What is the remainder when 299 is divided by 51?
44
Calculate the remainder when 1249 is divided by 68.
25
Calculate the remainder when 209 is divided by 77.
55
Calculate the remainder when 234 is divided by 48.
42
Calculate the remainder when 6131 is divided by 84.
83
Calculate the remainder when 324 is divided by 82.
78
What is the remainder when 187 is divided by 175?
12
What is the remainder when 119 is divid